e prime factors of 166117.
7, 19, 1249
What are the prime factors of 20979?
3, 7, 37
What are the prime factors of 11744611?
881, 13331
What are the prime factors of 3077316?
2, 3, 11, 19, 409
What are the prime factors of 109115?
5, 139, 157
What are the prime factors of 192124?
2, 43, 1117
List the prime factors of 748706.
2, 7, 53479
What are the prime factors of 210685?
5, 29, 1453
List the prime factors of 427997.
427997
What are the prime factors of 344079?
3, 38231
List the prime factors of 276728.
2, 34591
List the prime factors of 4194023.
4194023
List the prime factors of 5681299.
13, 23, 19001
List the prime factors of 3501710.
2, 5, 53, 6607
List the prime factors of 2130498.
2, 3, 118361
What are the prime factors of 641976?
2, 3, 23, 1163
List the prime factors of 1249681.
1249681
List the prime factors of 2211156.
2, 3, 17, 3613
What are the prime factors of 387215?
5, 43, 1801
What are the prime factors of 10716927?
3, 13, 283, 971
What are the prime factors of 3753058?
2, 37, 41, 1237
List the prime factors of 16372866.
2, 3, 53, 51487
List the prime factors of 75041.
75041
List the prime factors of 4148169.
3, 743, 1861
What are the prime factors of 223525?
5, 8941
List the prime factors of 657283.
11, 59753
What are the prime factors of 531503?
7, 10847
What are the prime factors of 2757389?
229, 12041
What are the prime factors of 104577?
3, 11, 3169
List the prime factors of 277715.
5, 67, 829
List the prime factors of 24342410.
2, 5, 673, 3617
What are the prime factors of 6922624?
2, 54083
List the prime factors of 143167.
61, 2347
List the prime factors of 411932.
2, 102983
What are the prime factors of 169222?
2, 211, 401
What are the prime factors of 858663?
3, 13, 41, 179
What are the prime factors of 17707625?
5, 13, 17, 641
List the prime factors of 25031849.
31, 807479
List the prime factors of 5185931.
5185931
What are the prime factors of 408269?
113, 3613
What are the prime factors of 2045054?
2, 11, 92957
List the prime factors of 136300.
2, 5, 29, 47
List the prime factors of 24990.
2, 3, 5, 7, 17
List the prime factors of 9390132.
2, 3, 109, 2393
What are the prime factors of 7066145?
5, 41, 34469
What are the prime factors of 6509958?
2, 3, 7, 13, 11923
What are the prime factors of 6894?
2, 3, 383
What are the prime factors of 181721?
181721
List the prime factors of 7703241.
3, 7, 13, 29, 139
List the prime factors of 9261696.
2, 3, 89, 271
What are the prime factors of 2969071?
7, 523, 811
What are the prime factors of 571555?
5, 114311
What are the prime factors of 3350202?
2, 3, 37, 15091
What are the prime factors of 257527?
43, 53, 113
List the prime factors of 395474.
2, 79, 2503
List the prime factors of 263750.
2, 5, 211
List the prime factors of 9571064.
2, 31, 38593
What are the prime factors of 781524?
2, 3, 17, 1277
What are the prime factors of 200442?
2, 3, 11, 3037
What are the prime factors of 950907?
3, 563
What are the prime factors of 258626?
2, 129313
List the prime factors of 5371220.
2, 5, 271, 991
What are the prime factors of 1258523?
7, 163, 1103
List the prime factors of 3677101.
3677101
List the prime factors of 11691025.
5, 467641
List the prime factors of 264919.
264919
What are the prime factors of 267054?
2, 3, 47, 947
What are the prime factors of 2545615?
5, 509123
What are the prime factors of 144579?
3, 48193
What are the prime factors of 104097?
3, 7, 4957
What are the prime factors of 78484?
2, 7, 2803
List the prime factors of 109197.
3, 11, 1103
What are the prime factors of 159298?
2, 23, 3463
List the prime factors of 3081248.
2, 96289
What are the prime factors of 5948569?
11, 540779
List the prime factors of 2590491.
3, 863497
What are the prime factors of 2783491?
61, 45631
What are the prime factors of 2885005?
5, 23, 25087
List the prime factors of 1301165.
5, 433, 601
List the prime factors of 357239.
357239
What are the prime factors of 2568911?
2568911
What are the prime factors of 186529?
7, 26647
What are the prime factors of 244273?
17, 14369
List the prime factors of 1732937.
47, 36871
What are the prime factors of 1429149?
3, 29, 16427
List the prime factors of 119074.
2, 29, 2053
What are the prime factors of 6584676?
2, 3, 7, 43, 1823
What are the prime factors of 1074885?
3, 5, 7, 29, 353
List the prime factors of 7677181.
31, 247651
List the prime factors of 203765.
5, 83, 491
What are the prime factors of 59872?
2, 1871
List the prime factors of 1526105.
5, 7, 6229
List the prime factors of 292726.
2, 7, 29, 103
List the prime factors of 51025.
5, 13, 157
List the prime factors of 471698.
2, 235849
List the prime factors of 1317913.
1013, 1301
List the prime factors of 41441.
29, 1429
List the prime factors of 4325865.
3, 5, 173, 1667
What are the prime factors of 486540?
2, 3, 5, 17, 53
List the prime factors of 6193132.
2, 11, 41, 3433
What are the prime factors of 321395?
5, 64279
What are the prime factors of 307308?
2, 3, 25609
List the prime factors of 2208356.
2, 552089
List the prime factors of 7791421.
11, 708311
List the prime factors of 1781894.
2, 883, 1009
What are the prime factors of 6879775?
5, 7, 39313
List the prime factors of 1954844.
2, 488711
List the prime factors of 5921879.
23, 257473
What are the prime factors of 1434823?
13, 19, 37, 157
What are the prime factors of 23566?
2, 11783
List the prime factors of 35711.
13, 41, 67
What are the prime factors of 1511499?
3, 11, 163, 281
What are the prime factors of 1153521?
3, 47, 101
What are the prime factors of 2377373?
97, 24509
What are the prime factors of 139939?
139939
What are the prime factors of 1373696?
2, 2683
List the prime factors of 890059.
331, 2689
List the prime factors of 12622373.
12622373
List the prime factors of 5565350.
2, 5, 7, 15901
What are the prime factors of 276298?
2, 11, 19, 661
What are the prime factors of 1604732?
2, 17, 23599
What are the prime factors of 185960?
2, 5, 4649
List the prime factors of 57008.
2, 7, 509
What are the prime factors of 788203?
13, 60631
List the prime factors of 35481.
3, 11827
List the prime factors of 2930930.
2, 5, 293093
What are the prime factors of 1404586?
2, 29, 61, 397
What are the prime factors of 641527?
41, 15647
What are the prime factors of 8606?
2, 13, 331
List the prime factors of 772942.
2, 386471
List the prime factors of 630720.
2, 3, 5, 73
What are the prime factors of 3073361?
107, 28723
List the prime factors of 74942.
2, 7, 53, 101
List the prime factors of 635926.
2, 317963
What are the prime factors of 8282672?
2, 17, 37, 823
What are the prime factors of 518484?
2, 3, 43207
What are the prime factors of 184237?
29, 6353
What are the prime factors of 10852572?
2, 3, 19, 47599
List the prime factors of 137798.
2, 68899
List the prime factors of 3243609.
3, 73, 4937
List the prime factors of 12206199.
3, 4068733
What are the prime factors of 17460990?
2, 3, 5, 131, 1481
List the prime factors of 558769.
558769
List the prime factors of 100477.
13, 59, 131
What are the prime factors of 135208?
2, 16901
List the prime factors of 2920758.
2, 3, 31, 41, 383
What are the prime factors of 3860771?
31, 124541
List the prime factors of 24338582.
2, 19, 269, 2381
What are the prime factors of 510856?
2, 63857
List the prime factors of 67301.
13, 31, 167
List the prime factors of 695734.
2, 13, 26759
List the prime factors of 539506.
2, 11, 137, 179
What are the prime factors of 5728434?
2, 3, 167, 5717
What are the prime factors of 148827?
3, 7, 19, 373
List the prime factors of 2097109.
7, 41, 7307
List the prime factors of 218529.
3, 24281
What are the prime factors of 229277?
113, 2029
What are the prime factors of 26548889?
26548889
List the prime factors of 1173122.
2, 37, 83, 191
List the prime factors of 8387835.
3, 5, 19, 1549
List the prime factors of 1842396.
2, 3, 153533
What are the prime factors of 511588?
2, 7, 11, 151
List the prime factors of 5071326.
2, 3, 13, 79, 823
What are the prime factors of 1039080?
2, 3, 5, 7, 1237
List the prime factors of 9601453.
1279, 7507
List the prime factors of 628438.
2, 314219
What are the prime factors of 13963547?
13, 31, 34649
What are the prime factors of 250026?
2, 3, 7, 5953
What are the prime factors of 428853?
3, 163, 877
List the prime f